remainder when 235 is divided by 35?
25
Calculate the remainder when 88 is divided by 4.
0
Calculate the remainder when 6311 is divided by 11.
8
Calculate the remainder when 196 is divided by 103.
93
What is the remainder when 1327 is divided by 35?
32
What is the remainder when 67 is divided by 12?
7
Calculate the remainder when 286 is divided by 23.
10
What is the remainder when 140 is divided by 22?
8
What is the remainder when 185 is divided by 96?
89
Calculate the remainder when 340 is divided by 73.
48
What is the remainder when 195 is divided by 27?
6
What is the remainder when 216 is divided by 31?
30
What is the remainder when 1021 is divided by 291?
148
Calculate the remainder when 23848 is divided by 15.
13
Calculate the remainder when 785 is divided by 154.
15
What is the remainder when 3075 is divided by 18?
15
What is the remainder when 2734 is divided by 16?
14
Calculate the remainder when 308 is divided by 211.
97
Calculate the remainder when 38 is divided by 11.
5
What is the remainder when 126 is divided by 16?
14
Calculate the remainder when 35 is divided by 19.
16
Calculate the remainder when 27 is divided by 7.
6
Calculate the remainder when 74 is divided by 28.
18
What is the remainder when 211 is divided by 37?
26
Calculate the remainder when 1037 is divided by 102.
17
Calculate the remainder when 461 is divided by 134.
59
Calculate the remainder when 751 is divided by 51.
37
What is the remainder when 823 is divided by 103?
102
What is the remainder when 153 is divided by 52?
49
Calculate the remainder when 331 is divided by 5.
1
What is the remainder when 1851 is divided by 18?
15
What is the remainder when 7334 is divided by 51?
41
Calculate the remainder when 1817 is divided by 107.
105
What is the remainder when 130 is divided by 15?
10
What is the remainder when 43762 is divided by 28?
26
What is the remainder when 144 is divided by 133?
11
What is the remainder when 530 is divided by 28?
26
What is the remainder when 809 is divided by 54?
53
Calculate the remainder when 1151 is divided by 32.
31
What is the remainder when 1781 is divided by 77?
10
Calculate the remainder when 142 is divided by 38.
28
Calculate the remainder when 357 is divided by 60.
57
Calculate the remainder when 944 is divided by 461.
22
Calculate the remainder when 873 is divided by 38.
37
Calculate the remainder when 4904 is divided by 37.
20
What is the remainder when 13428 is divided by 11?
8
Calculate the remainder when 184 is divided by 46.
0
What is the remainder when 31 is divided by 11?
9
Calculate the remainder when 444 is divided by 92.
76
What is the remainder when 83 is divided by 36?
11
What is the remainder when 507 is divided by 103?
95
What is the remainder when 517 is divided by 26?
23
What is the remainder when 13241 is divided by 86?
83
Calculate the remainder when 976 is divided by 968.
8
What is the remainder when 3518 is divided by 39?
8
Calculate the remainder when 510 is divided by 101.
5
What is the remainder when 3798 is divided by 254?
242
What is the remainder when 1935 is divided by 17?
14
What is the remainder when 636 is divided by 48?
12
What is the remainder when 611 is divided by 34?
33
Calculate the remainder when 521 is divided by 42.
17
What is the remainder when 1418 is divided by 57?
50
Calculate the remainder when 16 is divided by 9.
7
What is the remainder when 1986 is divided by 51?
48
Calculate the remainder when 94 is divided by 19.
18
What is the remainder when 3080 is divided by 134?
132
What is the remainder when 628 is divided by 156?
4
What is the remainder when 118 is divided by 11?
8
What is the remainder when 1257 is divided by 590?
77
Calculate the remainder when 100 is divided by 53.
47
What is the remainder when 2139 is divided by 153?
150
Calculate the remainder when 1105 is divided by 7.
6
What is the remainder when 707 is divided by 59?
58
Calculate the remainder when 222 is divided by 15.
12
Calculate the remainder when 3583 is divided by 4.
3
What is the remainder when 128 is divided by 18?
2
What is the remainder when 442 is divided by 48?
10
What is the remainder when 2499 is divided by 62?
19
What is the remainder when 1853 is divided by 582?
107
Calculate the remainder when 625 is divided by 79.
72
Calculate the remainder when 320 is divided by 53.
2
Calculate the remainder when 3143 is divided by 121.
118
Calculate the remainder when 145 is divided by 51.
43
What is the remainder when 5634 is divided by 30?
24
What is the remainder when 46 is divided by 31?
15
What is the remainder when 162 is divided by 154?
8
What is the remainder when 1286 is divided by 296?
102
What is the remainder when 1075 is divided by 22?
19
What is the remainder when 517 is divided by 253?
11
Calculate the remainder when 1299 is divided by 100.
99
What is the remainder when 795 is divided by 6?
3
Calculate the remainder when 1425 is divided by 62.
61
Calculate the remainder when 157 is divided by 43.
28
What is the remainder when 680 is divided by 87?
71
What is the remainder when 731 is divided by 183?
182
Calculate the remainder when 612 is divided by 200.
12
What is the remainder when 121 is divided by 22?
11
Calculate the remainder when 470 is divided by 11.
8
What is the remainder when 434 is divided by 54?
2
What is the remainder when 23 is divided by 14?
9
What is the remainder when 4702 is divided by 94?
2
Calculate the remainder when 648 is divided by 379.
269
Calculate the remainder when 2979 is divided by 990.
9
Calculate the remainder when 399 is divided by 100.
99
What is the remainder when 116 is divided by 17?
14
Calculate the remainder when 240 is divided by 51.
36
Calculate the remainder when 229 is divided by 30.
19
What is the remainder when 1043 is divided by 5?
3
What is the remainder when 600 is divided by 17?
5
What is the remainder when 168 is divided by 9?
6
Calculate the remainder when 777 is divided by 112.
105
Calculate the remainder when 798 is divided by 73.
68
Calculate the remainder when 201 is divided by 41.
37
What is the remainder when 1181 is divided by 67?
42
What is the remainder when 447 is divided by 251?
196
What is the remainder when 1394 is divided by 60?
14
What is the remainder when 1015 is divided by 55?
25
What is the remainder when 941 is divided by 16?
13
What is the remainder when 125 is divided by 92?
33
Calculate the remainder when 185 is divided by 77.
31
Calculate the remainder when 575 is divided by 32.
31
What is the remainder when 63 is divided by 58?
5
Calculate the remainder when 969 is divided by 321.
6
What is the remainder when 266 is divided by 67?
65
Calculate the remainder when 745 is divided by 220.
85
What is the remainder when 146 is divided by 52?
42
What is the remainder when 97 is divided by 10?
7
What is the remainder when 97 is divided by 11?
9
What is the remainder when 9056 is divided by 12?
8
What is the remainder when 733 is divided by 239?
16
What is the remainder when 1062 is divided by 56?
54
Calculate the remainder when 387 is divided by 65.
62
Calculate the remainder when 13588 is divided by 26.
16
Calculate the remainder when 5279 is divided by 50.
29
What is the remainder when 171 is divided by 69?
33
What is the remainder when 195 is divided by 51?
42
Calculate the remainder when 4371 is divided by 436.
11
What is the remainder when 172 is divided by 24?
4
Calculate the remainder when 221 is divided by 69.
14
Calculate the remainder when 114 is divided by 26.
10
Calculate the remainder when 224 is divided by 38.
34
Calculate the remainder when 274 is divided by 95.
84
What is the remainder when 396 is divided by 25?
21
Calculate the remainder when 1945 is divided by 40.
25
What is the remainder when 280 is divided by 19?
14
What is the remainder when 5819 is divided by 142?
139
What is the remainder when 74 is divided by 46?
28
Calculate the remainder when 145 is divided by 22.
13
What is the remainder when 22775 is divided by 219?
218
What is the remainder when 352 is divided by 81?
28
What is the remainder when 121270 is divided by 124?
122
Calculate the remainder when 973 is divided by 142.
121
What is the remainder when 5230 is divided by 36?
10
What is the remainder when 15 is divided by 14?
1
What is the rema